{"id":471,"date":"2019-09-05T16:38:11","date_gmt":"2019-09-05T14:38:11","guid":{"rendered":"https:\/\/mosaiques-soutien.ch\/?page_id=471"},"modified":"2024-07-24T19:19:24","modified_gmt":"2024-07-24T17:19:24","slug":"parrainage","status":"publish","type":"page","link":"https:\/\/mosaiques-soutien.ch\/?page_id=471","title":{"rendered":"Parrainage"},"content":{"rendered":"<p>Et pourquoi pas un parrainage ?<\/p>\n<p>L\u2019\u00e9cole publique propose des heures de devoirs surveill\u00e9s (et ceci jusqu\u2019en 7<sup>\u00e8me<\/sup> HarmoS) qui regroupent plus d\u2019une dizaine d\u2019enfants de diff\u00e9rentes classes sous la surveillance d\u2019une seule personne.<\/p>\n<p>Cette structure offerte par l\u2019\u00e9cole publique ne suffit pas \u00e0 certains enfants en grandes difficult\u00e9s scolaires. Ils ont besoin de soutien individualis\u00e9 pour se construire et s\u2019int\u00e9grer.<\/p>\n<p>Notre but n\u2019est donc pas uniquement le soutien scolaire mais vise \u00e0 d\u00e9velopper l\u2019estime de soi et les comp\u00e9tences sociales chez l&rsquo;enfants. Pour atteindre cet objectif, nous avons besoin d\u2019une \u00e9quipe engag\u00e9e et form\u00e9e.<\/p>\n<p>La plupart de ces enfants proviennent de familles d\u00e9favoris\u00e9es, mais Mosa\u00efques leur demande un soutien symbolique de CHF 80.- par <strong>mois<\/strong>.<\/p>\n<p>Dans le priv\u00e9, un r\u00e9p\u00e9titeur demande environ entre CHF 25.- et 39.- par heure et la plupart de nos enfants viennent quatre fois par semaine.<\/p>\n<p>D\u00e8s lors, m\u00eame CHF 80.- par mois est de loin <strong>insuffisant<\/strong> pour couvrir les frais de ce travail : salaires, locaux, mat\u00e9riel, go\u00fbter, etc.<\/p>\n<p>Vous pouvez nous soutenir individuellement, \u00e0 plusieurs familles, pour une somme que vous d\u00e9terminerez vous-m\u00eames.<\/p>\n<p>Si beaucoup d&rsquo;entre vous nous soutiennent avec une contribution mensuelle de CHF 10.- \u00e0 20.-, cela aidera consid\u00e9rablement notre travail.<\/p>\n<p>Nous vous disons un grand merci pour votre participation.<\/p>\n","protected":false},"excerpt":{"rendered":"<p>Et pourquoi pas un parrainage ? L\u2019\u00e9cole publique propose des heures de devoirs surveill\u00e9s (et ceci jusqu\u2019en 7\u00e8me HarmoS) qui [&hellip;]<\/p>\n","protected":false},"author":1,"featured_media":0,"parent":703,"menu_order":0,"comment_status":"closed","ping_status":"closed","template":"","meta":{"footnotes":""},"class_list":["post-471","page","type-page","status-publish","hentry"],"_links":{"self":[{"href":"https:\/\/mosaiques-soutien.ch\/index.php?rest_route=\/wp\/v2\/pages\/471","targetHints":{"allow":["GET"]}}],"collection":[{"href":"https:\/\/mosaiques-soutien.ch\/index.php?rest_route=\/wp\/v2\/pages"}],"about":[{"href":"https:\/\/mosaiques-soutien.ch\/index.php?rest_route=\/wp\/v2\/types\/page"}],"author":[{"embeddable":true,"href":"https:\/\/mosaiques-soutien.ch\/index.php?rest_route=\/wp\/v2\/users\/1"}],"replies":[{"embeddable":true,"href":"https:\/\/mosaiques-soutien.ch\/index.php?rest_route=%2Fwp%2Fv2%2Fcomments&post=471"}],"version-history":[{"count":18,"href":"https:\/\/mosaiques-soutien.ch\/index.php?rest_route=\/wp\/v2\/pages\/471\/revisions"}],"predecessor-version":[{"id":1041,"href":"https:\/\/mosaiques-soutien.ch\/index.php?rest_route=\/wp\/v2\/pages\/471\/revisions\/1041"}],"up":[{"embeddable":true,"href":"https:\/\/mosaiques-soutien.ch\/index.php?rest_route=\/wp\/v2\/pages\/703"}],"wp:attachment":[{"href":"https:\/\/mosaiques-soutien.ch\/index.php?rest_route=%2Fwp%2Fv2%2Fmedia&parent=471"}],"curies":[{"name":"wp","href":"https:\/\/api.w.org\/{rel}","templated":true}]}}